(-28)/42 - (-46)/6. Suppose v*p + 151 = -24. Let a = p + 51. List the prime factors of a.
2, 13
Let k(w) = -w**3 - 6*w**2 - 4*w - 2. Let m be k(-7). Suppose 0 = -3*b - 25 - 95. Let d = b + m. List the prime factors of d.
5, 7
Let u(p) = 10*p**3 + 2*p**2 - 5*p + 22. List the prime factors of u(3).
5, 59
Let p be (-6)/14 - (-380)/70. Suppose -p*j = -41 - 24. What are the prime factors of j/(-2)*(-10 + 6)?
2, 13
Let t = -20 - -9. Let i(q) = 2*q**2 + 15*q - 12. List the prime factors of i(t).
5, 13
Let j(n) = n + 10. Let b be j(-5). Suppose -3*d - 13 = 2*d - 3*g, -4*g + 14 = -b*d. List the prime factors of -1 + 0 + d + 30.
3
Let j(d) = 34*d**2 + 16*d - 51. List the prime factors of j(7).
11, 157
Suppose -12*d + 6984 + 12768 = 0. What are the prime factors of d?
2, 823
Suppose 2*m - 144 = 424. Suppose 2*r - 127 = -2*l + l, -4*l - m = -4*r. What are the prime factors of r?
2, 3, 11
Let w(s) = -22*s + 13*s - 6 + 10*s + 11*s. What are the prime factors of w(6)?
2, 3, 11
Let r(m) be the third derivative of m**6/120 + 2*m**5/15 + m**4/4 + m**3/2 - m**2. Suppose -1929*n + 7 = -1930*n. What are the prime factors of r(n)?
2, 5
Let g(n) = n**2 - 8*n - 7. Let l be g(8). Let d = l - -12. Suppose -d*j = -2*k + 40 - 7, 0 = k + 3*j + 11. List the prime factors of k.
2
Suppose -52 = -4*p + 476. What are the prime factors of p?
2, 3, 11
Suppose 9*x = 4*x. Suppose h + 0*h - 11 = x. Suppose -3*k - i = -h, -6*k + 4*i = -2*k - 36. What are the prime factors of k?
5
Suppose 10*q + 818 = 9528. List the prime factors of q.
13, 67
Let d(f) = f**3 - 4*f**2 + 19*f - 7. Let n be d(6). Let y = 270 - n. What are the prime factors of y?
7, 13
Suppose 0 = -2*l + 10 - 4. Suppose -l*p = -130 - 323. What are the prime factors of p?
151
Let z = 371 - -189. What are the prime factors of z?
2, 5, 7
Let v = 50 - 44. What are the prime factors of v/81*753 + 8/36?
2, 7
Let j be -4*1*5/10. Let b be ((-14)/(-14))/(j/(-46)). Suppose 4*q + 57 + 12 = 3*h, 0 = -h + q + b. List the prime factors of h.
23
Let i(y) = y**3 - y**2 + y + 5. Let d be i(0). Let x be (55 + -53)*(-1)/(-1). Suppose -d = -x*g + 65. List the prime factors of g.
5, 7
Let t = -861 + 605. Let s = -135 - t. What are the prime factors of s?
11
Suppose -3*z = 2*g - 1337, -5*g = 27*z - 23*z - 1778. List the prime factors of z.
3, 149
Suppose -590 - 110 = -4*b + 3*j, -3*j - 528 = -3*b. List the prime factors of b.
2, 43
Suppose 407 = 2*z + u - 532, 0 = 5*z + 5*u - 2345. Suppose 778 = -h + 6*h + 2*t, 3*h - z = 2*t. What are the prime factors of h?
2, 3, 13
Suppose -8*s = -561 - 719. List the prime factors of s.
2, 5
Let x(u) = 3*u - 5*u + 10 + u**2 - 2*u. Let a be x(5). Suppose -12*w - 192 = -a*w. What are the prime factors of w?
2
Suppose -d + 2*a = -1540 - 376, -d - a = -1931. What are the prime factors of d?
2, 3, 107
Suppose -2*n + 4*n + 2*x = -26, 5*n + x + 69 = 0. Let r = 16 + n. Suppose -f + r = -6. List the prime factors of f.
2
Let k = -2546 + 5057. What are the prime factors of k?
3, 31
Let d be -13 - -2 - (-12)/4. Let s = d - -8. Suppose -5*n + 310 + 0 = s. What are the prime factors of n?
2, 31
Suppose k - 2799 = -3*p - 661, -2*p + 1430 = -4*k. What are the prime factors of p?
23, 31
Suppose -5 + 1 = 2*s. Let f(a) = -10*a - 3. Let p be f(s). Suppose -g = -27 - p. List the prime factors of g.
2, 11
Suppose -3 - 9 = 2*z - 4*w, w - 14 = -5*z. Suppose -2*f - 100 = -4*f + z*n, -f = n - 50. List the prime factors of f.
2, 5
List the prime factors of ((3088/(-4))/(36/(-27)))/3.
193
Let r(i) = 29*i**2 + 5*i - 1. What are the prime factors of r(4)?
3, 7, 23
Let i be -65 - 2*3/2. Let g = i - -257. List the prime factors of g.
3, 7
Let o(i) = -3*i + 7. Let w be o(-3). Let r = w + -13. Suppose 3*h + 32 = 5*v + 114, r*h - 3*v = 72. What are the prime factors of h?
19
Let j(q) = -2*q. Let p be j(3). Let a be 10/25 - p/(-15). Suppose a = 2*r + 3*r - 125. What are the prime factors of r?
5
Let o = -655 + 1186. What are the prime factors of o?
3, 59
Suppose 4*b = -u + 188, -u = 4*u - 5*b - 915. Suppose 5*n = -4*w + u, 5*w + 70 = 5*n + 345. What are the prime factors of w?
3, 17
What are the prime factors of 1155 - (1 + 3 + 1 + 0)?
2, 5, 23
Suppose 51 = 5*s - 9. What are the prime factors of s/18*(-4)/(16/(-978))?
163
List the prime factors of (11/(22/(-40)))/(4/(-120)).
2, 3, 5
Suppose h - 37 = -24. List the prime factors of -2 + 151 + -11 + h.
151
Let b(c) = -c**3 - 23*c**2 - 21*c + 27. Let u be b(-22). List the prime factors of (24 - 1)/(-4 + u).
23
Let r(a) = 2*a**2 - 10*a - 7. Let j be r(7). Let g = -24 + 24. Let q = g + j. List the prime factors of q.
3, 7
Let b = 486 + 1092. What are the prime factors of b?
2, 3, 263
Let x be -1 + -2 + (16 - 5). Suppose x*c = 3*c. Suppose -b + c = -9. What are the prime factors of b?
3
Suppose -s + 4431 = 5*x + 719, 14938 = 4*s + 2*x. List the prime factors of s.
37, 101
Suppose -a = -257 + 118. What are the prime factors of a?
139
Let q = -40 - -40. Suppose 4*v + 4*i - 28 = q, 2*v - 4*i + 10 = -0*v. What are the prime factors of v?
3
Let d(i) = 8*i**2 + 24*i - 81. What are the prime factors of d(-14)?
1151
Let z(u) = u + 5. Let t be z(-5). Suppose 0 = -5*c + 15 - t. Suppose c*w + 35 = 8*w. List the prime factors of w.
7
Let x = 9 - 12. Let t be 6*(x/9 + 1). Suppose -t*l + h + 58 = 0, 5*l + 5*h + 0*h = 85. What are the prime factors of l?
3, 5
Let y be (132/(-15))/(2/(-20)). Let v = 13 + -10. Suppose -5 - 7 = v*w, -5*w + y = 3*c. List the prime factors of c.
2, 3
Suppose 2*n + 1 = 9. Suppose n*f - 72 = -4*s, 2*f - 50 = -0*f + 5*s. Suppose 2*t + f = 44. List the prime factors of t.
2, 3
Suppose -671 = 5*t - 2*z, -40 = t - z + 93. List the prime factors of t/(-2) + 2/(-4).
67
Let o(j) = 3*j**2 - 9. Let p be o(-5). Suppose -165 = 5*v + 2*z, -2*v + z + 0*z - p = 0. Let b = v - -48. What are the prime factors of b?
3, 5
Let f = 78 + -73. Suppose n = f*q - 149, 0 = n + 2*n + 12. What are the prime factors of q?
29
What are the prime factors of ((-12)/(-9))/((-48)/(-26712))?
2, 7, 53
What are the prime factors of 2 + 849 + (56 - 47)?
2, 5, 43
Let m = -173 + 307. Suppose 3*h + m = 4*h. List the prime factors of h.
2, 67
Suppose v + 4*s - 15 = 0, -13 = -2*v - s - 4. Suppose -c = -v*c + 262. What are the prime factors of c?
131
Let j = -12 + 14. Suppose 3*h - 74 = 5*s, j*h = -2*s + 7*s + 56. What are the prime factors of h?
2, 3
Suppose g = -2*d + 2*g + 1004, 5*d = -5*g + 2480. Suppose 3*y + d = 5*p - y, -p = -y - 100. List the prime factors of p.
2, 5
Let z = -1631 + 2999. List the prime factors of z.
2, 3, 19
Let a(z) = z**2 + 13*z + 12. Let x be a(-12). What are the prime factors of x + -2 + (-114)/(-2)?
5, 11
Suppose 0 = -48*x + 29*x + 72238. List the prime factors of x.
2, 1901
What are the prime factors of 1011 + (28/35)/((-6)/(-15))?
1013
Let m = 58 - 29. Suppose 0 = 2*a + 1 + m. What are the prime factors of (-5)/a*(11 - -1)?
2
Let z = 6625 + -1515. List the prime factors of z.
2, 5, 7, 73
Let q = 7 - 0. Suppose -36 = -4*c + q*c. Let n = -1 - c. What are the prime factors of n?
11
Let x(w) = 3*w - 20. Let i(f) = 4*f - 20. Let m(a) = 3*i(a) - 2*x(a). List the prime factors of m(7).
2, 11
Suppose 3096 = -9*x + 13*x. What are the prime factors of x?
2, 3, 43
Let p = 916 - -391. List the prime factors of p.
1307
Let r(o) = -o**3 + 31*o**2 - 51*o - 46. List the prime factors of r(22).
2, 797
Suppose -4*i - 97 = -137. What are the prime factors of i?
2, 5
Let x = 22 - 9. Let o = 15 - x. Suppose o*v + t = 65, -6*v = -5*v + 4*t - 43. List the prime factors of v.
31
Suppose -v + 6 - 26 = 0. Let h be 294/10 - (-8)/v. Suppose 4*w - 27 - h = 4*f, 0 = -5*f - 20. What are the prime factors of w?
2, 5
Let w(f) be the second derivative of 4*f**3/3 - 8*f. Let o be w(-1). Let n(u) = -u**3 - 6*u**2 + 8*u - 1. What are the prime factors of n(o)?
3, 7
Suppose 0 = -4*p + 4*m + 7396, 0 = -2*p - 2*m - 980 + 4666. What are the prime factors of p?
2, 13, 71
Let k(h) = -h**3 - 8*h**2 - h - 4. Let o be k(-8). Suppose -s = 1, s - 9 - 10 = -o*l. Suppose l*c - 170 + 0 = 0. What are the prime factors of c?
2, 17
Let r(q) = 75 + 6*q - 63 + 2*q**2 - q**2. What are the prime factors of r(-6)?
2, 3
Let z(m) = m**3 + 52*m**2 - 14*m - 17. What are the prime factors of z(-52)?
3, 79
Let d(z) = -8*z**2 + 6*z**2 - 3 + z**3 - 2. Let a 